-36)/(-10). Let f = 1 - c. What are the prime factors of -1 - f - (-1 - 7)?
2, 5
Suppose -u = -n - 16, 2*u = u + 4*n + 10. What are the prime factors of u?
2, 3
Let a be (0 - 1)*(-10)/5. What are the prime factors of 2*(a - -15) + 2?
2, 3
Suppose -2*r + 23 + 109 = 0. What are the prime factors of r?
2, 3, 11
Suppose -2*g + 58 = 14. Suppose 3*v - 2 - 1 = 0, 2*p + 3*v = 33. Let j = g - p. List the prime factors of j.
7
Suppose -w = -2*w + 1. List the prime factors of w/(3 + 114/(-39)).
13
Let j(m) = -m - 7. Let y be (52/8)/(2/(-4)). What are the prime factors of j(y)?
2, 3
Let p(c) be the second derivative of c**3/2 - 3*c**2/2 + 3*c. Let z be p(2). Suppose 0 = -x - 5*m + 39, x + z*m - 30 = 1. What are the prime factors of x?
19
Suppose -3*f = d - 86, 5*f + 74 + 142 = 2*d. List the prime factors of d.
2, 7
Let p(g) = -7*g + 6. What are the prime factors of p(-7)?
5, 11
Let p = -5 - -12. Let q be (p - 7) + 1*7. Suppose 2*b + q = 3*b. List the prime factors of b.
7
Let o = 9 + -3. Suppose 3*j - 33 + o = 0. What are the prime factors of 18*(-2 + 24/j)?
2, 3
Let k = 21 - 34. Let j = k + 37. Suppose -8 = 2*r - j. What are the prime factors of r?
2
Let k be ((-2)/(-6))/((-4)/(-396)). Let t = k + -22. What are the prime factors of t?
11
Let t(h) = -2*h**2 + 53*h - 9. List the prime factors of t(22).
3, 7
Let d = -8 + 8. What are the prime factors of d - (-2 - (-1)/(-1))?
3
Let x = 17 + -11. List the prime factors of x + 4/(-2) + 2.
2, 3
Let d be 3 + 0 + (1 - 2). Let s be -11*(2/(-1))/d. Suppose 0 = -3*m - m - o + s, -32 = -3*m + 4*o. List the prime factors of m.
2
Suppose -5*c = 16 + 14. Let b be 3/c + 22/4. Suppose -o + b*o = 44. What are the prime factors of o?
11
Suppose 132 = 4*h - 3*l - 30, -3*l + 189 = 5*h. Let m = h + 4. Suppose 5*a - 7 = m. What are the prime factors of a?
2, 5
Let w(t) = -t**3 - 11*t**2 - 3*t - 13. List the prime factors of w(-11).
2, 5
Let u be (0/1)/(26/(-13)). Suppose u*g + 36 = g. List the prime factors of g.
2, 3
Let v be 72/20 + (-3)/5. Let m = -3 + 3. Let b = m + v. List the prime factors of b.
3
Suppose -130 = -5*g - 4*x, -3*x - 3 = g - 29. Let m = -8 - -10. Suppose -4*w + m + g = 0. What are the prime factors of w?
7
Let b(w) be the second derivative of -w**3/6 + 7*w**2/2 + 2*w. Suppose 2*j + 2 + 8 = 0. List the prime factors of b(j).
2, 3
Suppose -3*j - 4*p + 42 = -7*p, 5*j = 4*p + 68. Suppose -j = v - 30. List the prime factors of v.
2, 3
Suppose 7*h - 2*x = 2*h + 29, -2*x + 13 = h. Let p be 4/(-6)*(-4 + h). Let c = 5 - p. What are the prime factors of c?
7
List the prime factors of -1 - -2 - (-108 + 4)/1.
3, 5, 7
Let v(p) = 5*p - 3. What are the prime factors of v(8)?
37
Let q = -9 + 0. Let z be (-4)/(-10) - (-432)/(-30). Let l = q - z. What are the prime factors of l?
5
Suppose 5*a - 2*g = -42, 4*a + 2*g + 16 = -14. Let s = a - -10. List the prime factors of s.
2
Let z be 3/((-9)/(-12)) - 1. Let m(n) = n**2 - 2*n + 3. List the prime factors of m(z).
2, 3
Let t be (-201)/(-1)*2/6. Let p = t + -40. What are the prime factors of p?
3
Suppose -12 + 76 = w + 3*z, 0 = -4*w + z + 204. What are the prime factors of w?
2, 13
Let q = -50 + 181. List the prime factors of q.
131
Suppose -3*z = -5*k - 2*z + 6, 3*z = 5*k + 2. Suppose 0 = k*n - 101 + 23. What are the prime factors of n?
3, 13
List the prime factors of (-2758)/(-77) - 4/(-22).
2, 3
Let x be (-1)/(-2) + (-2)/(-4). Let a = x + 1. Suppose a*l + 32 = 6*l - 2*g, 0 = 3*l - 2*g - 25. What are the prime factors of l?
7
Let w be -7*(1 - (3 - 1)). Let i = w + -5. List the prime factors of i.
2
Let y(j) = j - 14. Let r be y(0). Let k(i) = i**3 + i**2 - i + 44. Let t be k(0). List the prime factors of t/7 + 4/r.
2, 3
List the prime factors of ((-52)/(-3))/(10/60).
2, 13
Suppose 396 = 2*f - 2*t, -3*f + 28 + 560 = -t. What are the prime factors of f?
3, 5, 13
Let h be (-3)/(87/96 + -1). Suppose 3*r = b + 19, -2*b + 4*r - 40 = -0*b. Let y = b + h. What are the prime factors of y?
2, 5
Suppose -3*m + 2*v = -110, 2*v = -m - 2*v + 46. Suppose 4*u = 7*c - 2*c + 67, 2*u - 4*c - m = 0. What are the prime factors of u?
13
Let t = -25 - 4. What are the prime factors of (t - -2)/(-3) + 2?
11
Let m(y) = 4*y + 15*y**2 - 3*y + 0*y + 2 - 3. List the prime factors of m(1).
3, 5
Let c(i) = -i**2 - 8*i + 10. Let x be ((2 - 0) + -1)*-7. Let h be c(x). Suppose 0 = -s + h - 4. What are the prime factors of s?
13
Let l(s) = -s**3 - 11*s**2 - 12*s - 1. Suppose x + 30 = -2*x. List the prime factors of l(x).
19
Let f be ((-2)/5)/(2/90). What are the prime factors of 5/((-5)/f) - -3?
3, 7
Suppose 4*f = -3 + 7, 22 = 5*d + 2*f. List the prime factors of d/(-6) + (-666)/(-27).
2, 3
Suppose -3*h - 2*b = -14, 3*h - 26 = -h + b. Let n = h - -8. What are the prime factors of n?
2, 7
Suppose -2*q - 25 = -3*q. Let h = q - 7. What are the prime factors of h?
2, 3
Suppose 0 = z + 2*z - 9, 4*w = 4*z. Suppose 4*c = -20, -b - 4*b + 40 = -w*c. What are the prime factors of b?
5
Let h be (7 - 11)*60/(-2). Suppose 4*v - x + 5*x = 132, -5*v + 4*x = -h. What are the prime factors of v?
2, 7
Let k = 3 + -7. Let c be ((-6)/k)/(3/44). Let z = -10 + c. What are the prime factors of z?
2, 3
Let y = 70 - 49. What are the prime factors of y?
3, 7
Let l = 15 + -13. Let q = l - -24. What are the prime factors of q?
2, 13
Let b = 17 + -10. Let u = b - 4. Suppose -y + u*y - 30 = 0. What are the prime factors of y?
3, 5
Let b = -32 - -82. What are the prime factors of b?
2, 5
Suppose 9 = -0*q + 3*q. Let d(t) = 5*t - 1. List the prime factors of d(q).
2, 7
Let w(u) = u**2 - 7*u + 1. Let p be (-10)/((-1 - 0) + 0). Let j be w(p). Suppose 3*s + o - 3*o = 18, -2*s = 5*o - j. What are the prime factors of s?
2
Let s = -14 - -23. Suppose 0 = -w - 0*w + s. What are the prime factors of w?
3
Let u(g) = g**3 + 5*g**2 - 5*g - 2. Let q be u(-6). List the prime factors of 2/q + 57/4.
2, 7
Let d be 3/((-1)/(-2) - -1). Suppose 10*h = 5*h + d*z + 151, 4*z - 132 = -4*h. Suppose -5*s + 79 = -h. What are the prime factors of s?
2, 11
Let u(t) = 2*t**2 - 11*t + 1. Let g(z) = z**2 - 11*z + 2. Let i(y) = 3*g(y) - 2*u(y). What are the prime factors of i(-10)?
2, 7
Let f(z) = 2*z**2 + 6*z - 7 - 2*z**2 + z**2. Let o be f(-9). Suppose 2*v + o = 7*v. List the prime factors of v.
2
Suppose -4*v - m = 4*m - 26, v - 3*m = -2. Suppose -3*f + x + 19 = -0*f, -5*f = -v*x - 20. What are the prime factors of f?
2
Suppose 4*r - 2*r = 30. Suppose -v = 3*b + 26, -4 = 4*v + 16. Let q = r + b. What are the prime factors of q?
2
Let f(u) = 10*u**2 + u. Suppose 3*x - 3 = -6. Let r be f(x). Let o = r - -3. List the prime factors of o.
2, 3
Let s = 21 - -11. Suppose -4*w + 128 - s = 0. List the prime factors of w.
2, 3
Let y = 14 - -80. What are the prime factors of y?
2, 47
Suppose 96 = 3*k - 15. What are the prime factors of k?
37
What are the prime factors of 1 + 2 - (-18 + -3)?
2, 3
Let q = 15 + -12. Let h(w) = -w**3 + 6*w**2. List the prime factors of h(q).
3
Let t = 19 - 12. What are the prime factors of t?
7
Let m be (1 + 2/(-4))*0. Suppose m = -4*b + 8 + 32. List the prime factors of b.
2, 5
Let s(v) = 2*v**2 + 7*v + 1. Let k be s(-5). Let u = 26 - k. What are the prime factors of u?
2, 5
Suppose 442 = 2*q - w, w - 5*w = 2*q - 442. What are the prime factors of q?
13, 17
Let d(c) = -c**3 - 5*c**2 + 6*c + 5. Let u = 8 + -14. What are the prime factors of d(u)?
5
Let b = 2 + 48. What are the prime factors of b?
2, 5
Suppose -3*g + 4*o + 6 + 93 = 0, -5*g + 3*o + 165 = 0. Suppose -2*j + 5*r + g = 0, -4*r = -3*j + j + 32. What are the prime factors of j?
2, 7
Let j(q) = 7*q**2 - 14*q + 11. Let g(a) = -10*a**2 + 21*a - 17. Let k(v) = -5*g(v) - 7*j(v). List the prime factors of k(10).
2, 19
Let c(k) = 2*k**3 + 2*k**2 - 2*k + 1. Let u be c(2). Suppose 4*y - y = 4*z - 30, 0 = 4*z. Let f = y + u. List the prime factors of f.
11
Let f = -8 + 14. Let l(c) = 2*c + 1 + 0 - f*c. What are the prime factors of l(-2)?
3
Let x = -15 - -60. List the prime factors of x*(-3)/(-9)*1.
3, 5
Let c = -51 + 91. Suppose 13 = -3*h + c. List the prime factors of h.
3
Suppose 0 = 7*r - 2*r - 75. Let s be ((-2)/4)/(2/(-24)). Suppose s*l - r = l. List the prime factors of l.
3
Let i = 278 + -197. What are the prime factors of i?
3
Let w(y) = y**2 + 3*y - 5. What are the prime factors of w(5)?
5, 7